{"id":250,"date":"2024-04-18T12:58:27","date_gmt":"2024-04-18T12:58:27","guid":{"rendered":"https:\/\/greenalligator.com\/?page_id=250"},"modified":"2024-11-28T20:11:18","modified_gmt":"2024-11-28T20:11:18","slug":"servicios","status":"publish","type":"page","link":"https:\/\/greenalligator.com\/index.php\/es\/servicios\/","title":{"rendered":"Nuestros Servicios"},"content":{"rendered":"\n<p>Descubra Cuba de forma muy personalizada con nuestros recorridos privados. Ya sea con amigos como <strong>friendcation<\/strong>, <strong>un viaje familiar<\/strong> o en <strong>solitario<\/strong>, dise\u00f1amos cada tour individualmente seg\u00fan los deseos de los viajeros.<\/p>\n\n\n\n<p><strong>Lo m\u00e1s destacado:<\/strong><\/p>\n\n\n\n<ul class=\"wp-block-list\">\n<li><strong>Viajes tem\u00e1ticos<\/strong> <strong>de aventura y naturaleza<\/strong>: La cultura y la historia de Cuba de cerca.<\/li>\n\n\n\n<li><strong>Vacaciones de aventura<\/strong> con <strong>actividades al aire libre<\/strong>: Exploraciones de la naturaleza y viajes de aventura para vivir experiencias profundas y significativas.<\/li>\n\n\n\n<li><strong>Viajes de alquiler de coches<\/strong>: libertad y flexibilidad para explorar Cuba a su propio ritmo.<\/li>\n\n\n\n<li><strong><a href=\"https:\/\/mice.greenalligator.com\/?lang=es\">Eventos corporativos inolvidables y viajes de incentivo<\/a><\/strong> (MICE)<\/li>\n<\/ul>\n","protected":false},"excerpt":{"rendered":"<p>Descubra Cuba de forma muy personalizada con nuestros recorridos privados. Ya sea con amigos como friendcation, un viaje familiar o en solitario, dise\u00f1amos cada tour individualmente seg\u00fan los deseos de los viajeros. Lo m\u00e1s destacado:<\/p>\n","protected":false},"author":1,"featured_media":0,"parent":0,"menu_order":0,"comment_status":"closed","ping_status":"closed","template":"","meta":{"footnotes":""},"class_list":["post-250","page","type-page","status-publish","hentry"],"yoast_head":"<!-- This site is optimized with the Yoast SEO plugin v27.5 - https:\/\/yoast.com\/product\/yoast-seo-wordpress\/ -->\n<title>Nuestros Servicios - Green Alligator<\/title>\n<meta name=\"robots\" content=\"index, follow, max-snippet:-1, max-image-preview:large, max-video-preview:-1\" \/>\n<link rel=\"canonical\" href=\"https:\/\/greenalligator.com\/index.php\/es\/servicios\/\" \/>\n<meta property=\"og:locale\" content=\"en_US\" \/>\n<meta property=\"og:type\" content=\"article\" \/>\n<meta property=\"og:title\" content=\"Nuestros Servicios - Green Alligator\" \/>\n<meta property=\"og:description\" content=\"Descubra Cuba de forma muy personalizada con nuestros recorridos privados. Ya sea con amigos como friendcation, un viaje familiar o en solitario, dise\u00f1amos cada tour individualmente seg\u00fan los deseos de los viajeros. Lo m\u00e1s destacado:\" \/>\n<meta property=\"og:url\" content=\"https:\/\/greenalligator.com\/index.php\/es\/servicios\/\" \/>\n<meta property=\"og:site_name\" content=\"Green Alligator\" \/>\n<meta property=\"article:modified_time\" content=\"2024-11-28T20:11:18+00:00\" \/>\n<meta name=\"twitter:card\" content=\"summary_large_image\" \/>\n<meta name=\"twitter:label1\" content=\"Est. reading time\" \/>\n\t<meta name=\"twitter:data1\" content=\"1 minute\" \/>\n<script type=\"application\/ld+json\" class=\"yoast-schema-graph\">{\"@context\":\"https:\\\/\\\/schema.org\",\"@graph\":[{\"@type\":\"WebPage\",\"@id\":\"https:\\\/\\\/greenalligator.com\\\/index.php\\\/es\\\/servicios\\\/\",\"url\":\"https:\\\/\\\/greenalligator.com\\\/index.php\\\/es\\\/servicios\\\/\",\"name\":\"Nuestros Servicios - Green Alligator\",\"isPartOf\":{\"@id\":\"https:\\\/\\\/greenalligator.com\\\/#website\"},\"datePublished\":\"2024-04-18T12:58:27+00:00\",\"dateModified\":\"2024-11-28T20:11:18+00:00\",\"breadcrumb\":{\"@id\":\"https:\\\/\\\/greenalligator.com\\\/index.php\\\/es\\\/servicios\\\/#breadcrumb\"},\"inLanguage\":\"en-US\",\"potentialAction\":[{\"@type\":\"ReadAction\",\"target\":[\"https:\\\/\\\/greenalligator.com\\\/index.php\\\/es\\\/servicios\\\/\"]}]},{\"@type\":\"BreadcrumbList\",\"@id\":\"https:\\\/\\\/greenalligator.com\\\/index.php\\\/es\\\/servicios\\\/#breadcrumb\",\"itemListElement\":[{\"@type\":\"ListItem\",\"position\":1,\"name\":\"Home\",\"item\":\"https:\\\/\\\/greenalligator.com\\\/\"},{\"@type\":\"ListItem\",\"position\":2,\"name\":\"Nuestros Servicios\"}]},{\"@type\":\"WebSite\",\"@id\":\"https:\\\/\\\/greenalligator.com\\\/#website\",\"url\":\"https:\\\/\\\/greenalligator.com\\\/\",\"name\":\"Green Alligator\",\"description\":\"\",\"potentialAction\":[{\"@type\":\"SearchAction\",\"target\":{\"@type\":\"EntryPoint\",\"urlTemplate\":\"https:\\\/\\\/greenalligator.com\\\/?s={search_term_string}\"},\"query-input\":{\"@type\":\"PropertyValueSpecification\",\"valueRequired\":true,\"valueName\":\"search_term_string\"}}],\"inLanguage\":\"en-US\"}]}<\/script>\n<!-- \/ Yoast SEO plugin. -->","yoast_head_json":{"title":"Nuestros Servicios - Green Alligator","robots":{"index":"index","follow":"follow","max-snippet":"max-snippet:-1","max-image-preview":"max-image-preview:large","max-video-preview":"max-video-preview:-1"},"canonical":"https:\/\/greenalligator.com\/index.php\/es\/servicios\/","og_locale":"en_US","og_type":"article","og_title":"Nuestros Servicios - Green Alligator","og_description":"Descubra Cuba de forma muy personalizada con nuestros recorridos privados. Ya sea con amigos como friendcation, un viaje familiar o en solitario, dise\u00f1amos cada tour individualmente seg\u00fan los deseos de los viajeros. Lo m\u00e1s destacado:","og_url":"https:\/\/greenalligator.com\/index.php\/es\/servicios\/","og_site_name":"Green Alligator","article_modified_time":"2024-11-28T20:11:18+00:00","twitter_card":"summary_large_image","twitter_misc":{"Est. reading time":"1 minute"},"schema":{"@context":"https:\/\/schema.org","@graph":[{"@type":"WebPage","@id":"https:\/\/greenalligator.com\/index.php\/es\/servicios\/","url":"https:\/\/greenalligator.com\/index.php\/es\/servicios\/","name":"Nuestros Servicios - Green Alligator","isPartOf":{"@id":"https:\/\/greenalligator.com\/#website"},"datePublished":"2024-04-18T12:58:27+00:00","dateModified":"2024-11-28T20:11:18+00:00","breadcrumb":{"@id":"https:\/\/greenalligator.com\/index.php\/es\/servicios\/#breadcrumb"},"inLanguage":"en-US","potentialAction":[{"@type":"ReadAction","target":["https:\/\/greenalligator.com\/index.php\/es\/servicios\/"]}]},{"@type":"BreadcrumbList","@id":"https:\/\/greenalligator.com\/index.php\/es\/servicios\/#breadcrumb","itemListElement":[{"@type":"ListItem","position":1,"name":"Home","item":"https:\/\/greenalligator.com\/"},{"@type":"ListItem","position":2,"name":"Nuestros Servicios"}]},{"@type":"WebSite","@id":"https:\/\/greenalligator.com\/#website","url":"https:\/\/greenalligator.com\/","name":"Green Alligator","description":"","potentialAction":[{"@type":"SearchAction","target":{"@type":"EntryPoint","urlTemplate":"https:\/\/greenalligator.com\/?s={search_term_string}"},"query-input":{"@type":"PropertyValueSpecification","valueRequired":true,"valueName":"search_term_string"}}],"inLanguage":"en-US"}]}},"acf":[],"_links":{"self":[{"href":"https:\/\/greenalligator.com\/index.php\/wp-json\/wp\/v2\/pages\/250","targetHints":{"allow":["GET"]}}],"collection":[{"href":"https:\/\/greenalligator.com\/index.php\/wp-json\/wp\/v2\/pages"}],"about":[{"href":"https:\/\/greenalligator.com\/index.php\/wp-json\/wp\/v2\/types\/page"}],"author":[{"embeddable":true,"href":"https:\/\/greenalligator.com\/index.php\/wp-json\/wp\/v2\/users\/1"}],"replies":[{"embeddable":true,"href":"https:\/\/greenalligator.com\/index.php\/wp-json\/wp\/v2\/comments?post=250"}],"version-history":[{"count":4,"href":"https:\/\/greenalligator.com\/index.php\/wp-json\/wp\/v2\/pages\/250\/revisions"}],"predecessor-version":[{"id":3571,"href":"https:\/\/greenalligator.com\/index.php\/wp-json\/wp\/v2\/pages\/250\/revisions\/3571"}],"wp:attachment":[{"href":"https:\/\/greenalligator.com\/index.php\/wp-json\/wp\/v2\/media?parent=250"}],"curies":[{"name":"wp","href":"https:\/\/api.w.org\/{rel}","templated":true}]}}